c5c2 (base 15) to base 13.
-274c613
-a42539 (base 12) to base 4
-21310301331
Convert 1049294 (base 11) to base 2.
111000001110100010001
What is 76084 (base 9) in base 8?
142311
-100221012201 (base 3) to base 15
-3ce01
Convert 9588 (base 10) to base 15.
2c93
48ab7 (base 13) to base 9
223311
-3304532 (base 6) to base 14
-43c80
What is 242a1 (base 16) in base 11?
a1323
-6ab267 (base 13) to base 3
-11202221102110
Convert 82b7 (base 15) to base 16.
6be6
What is -224c85 (base 15) in base 12?
-66ab45
What is 37f63 (base 16) in base 14?
5d76b
What is 195b (base 12) in base 2?
110000010111
Convert 10110001120122 (base 3) to base 13.
4c1939
What is -224506 (base 7) in base 13?
-152bc
What is -23b5528 (base 12) in base 16?
-6a23b0
-187c53 (base 16) to base 7
-16432254
22dd8 (base 15) to base 4
123020120
Convert 454a5 (base 12) to base 11.
63376
What is -34644327 (base 8) in base 9?
-15184813
-2240a5 (base 16) to base 15
-2e51b8
Convert 9166 (base 12) to base 14.
5a6a
What is -18bf0 (base 16) in base 8?
-305760
What is -12b4349 (base 12) in base 7?
-43416663
974867 (base 11) to base 6
53222223
Convert -611a72 (base 15) to base 6.
-242510355
Convert 3333076 (base 8) to base 14.
1956b4
2013133331 (base 4) to base 14
106393
Convert 1387a20 (base 12) to base 10.
3911928
What is -1188437 (base 11) in base 2?
-111110111001001110000
-103761 (base 10) to base 12
-50069
aa045 (base 12) to base 15
46898
What is -153420 (base 6) in base 2?
-11101011010100
441a26 (base 14) to base 12
93476a
-1440244 (base 6) to base 9
-135821
What is -185224 (base 9) in base 5?
-12142431
Convert -4554376 (base 10) to base 12.
-1637774
What is 3347331 (base 12) in base 2?
100101011000100100010101
What is -1b8768 (base 14) in base 4?
-3300030020
Convert 12258770 (base 10) to base 11.
6a13217
-78844 (base 9) to base 5
-3134242
10000111001011111110011 (base 2) to base 16
4397f3
-444c96 (base 14) to base 13
-632360
Convert 34562 (base 10) to base 14.
c84a
Convert 131332130 (base 4) to base 14.
32a60
Convert -7773 (base 10) to base 12.
-45b9
Convert 2230c (base 16) to base 3.
21010002211
What is -17a7946 (base 11) in base 8?
-13520250
What is 1110110100100101000011 (base 2) in base 4?
32310211003
Convert -101111332 (base 5) to base 2.
-1100100001001101001
-934d4 (base 16) to base 10
-603348
Convert 344ba23 (base 12) to base 5.
10033303244
Convert 847832 (base 14) to base 11.
258876a
Convert -1ca300 (base 13) to base 5.
-142032002
Convert -1b533 (base 14) to base 16.
-10ff9
232c7d (base 15) to base 8
6321501
Convert 1463313 (base 7) to base 4.
300330111
Convert 112324130 (base 5) to base 2.
1111100110010111101
470275 (base 9) to base 8
1047361
Convert 14210 (base 13) to base 3.
1220201022
Convert 40203112 (base 5) to base 3.
121012210122
Convert 131403100 (base 5) to base 2.
10011111100011010101
-100111000011010101 (base 2) to base 3
-22010102100
Convert -330524 (base 7) to base 16.
-e21f
Convert abedb5 (base 16) to base 7.
164525611
Convert 10101001000010100100 (base 2) to base 3.
1022011210000
What is 1332223020 (base 4) in base 10?
518856
Convert -39835 (base 11) to base 10.
-56908
Convert 30303203 (base 4) to base 12.
2642b
Convert -2110001122022 (base 3) to base 15.
-1aa3ee
111220011 (base 4) to base 11
60609
252715 (base 11) to base 16
615f0
Convert -24631301 (base 7) to base 9.
-4162715
What is -121120000122 (base 3) in base 9?
-546018
What is -220201120001 (base 3) in base 15?
-992d4
Convert -851023 (base 9) to base 13.
-1493a0
What is 124322001 (base 6) in base 10?
2452465
-6251324 (base 7) to base 11
-474006
102523 (base 6) to base 13
3a95
Convert -7452a (base 12) to base 5.
-14342233
Convert 122003300 (base 4) to base 3.
12102102012
1bb3310 (base 12) to base 16
5ae4fc
What is 102400 (base 10) in base 4?
121000000
-111010100110100111111 (base 2) to base 15
-27deb4
What is 1202220102212 (base 3) in base 14?
1a78b3
220132241 (base 5) to base 8
3461345
Convert -428792 (base 11) to base 16.
-a741a
Convert -1242213 (base 5) to base 7.
-131651
What is -11010100010111010000 (base 2) in base 6?
-30351012
-100166350 (base 7) to base 13
-1280227
Convert -bdd30 (base 15) to base 11.
-382647
Convert -103113310 (base 4) to base 10.
-79348
What is -918880a (base 11) in base 3?
-1010112202122212
112a3 (base 12) to base 4
11211123
1002334 (base 8) to base 9
441263
What is -221210422 (base 5) in base 2?
-11101010011001110000
Convert 175206 (base 8) to base 7.
354660
What is -321455422 (base 6) in base 2?
-10101101011101111100110
What is -1314430 (base 5) in base 9?
-38885
-352415 (base 9) to base 6
-4312152
-256417 (base 12) to base 10
-612307
What is 5271072 (base 8) in base 13?
3a2973
What is 332122313033 (base 4) in base 12?
559137b
Convert -41455535 (base 6) to base 5.
-302032032
What is -2122035 (base 6) in base 14?
-29d43
17315 (base 16) to base 3
11211022102
Convert 3242003 (base 7) to base 14.
a48aa
-232857 (base 9) to base 13
-4b907
What is -220001010211 (base 3) in base 12?
-1a9a34
What is -110310203 (base 4) in base 13?
-2ca83
-453218 (base 9) to base 11
-175978
Convert 133343 (base 8) to base 9.
71201
20221001110 (base 3) to base 2
100001010010101010
Convert -1244355 (base 6) to base 4.
-100230233
Convert 1ab0b (base 13) to base 3.
2122212210
Convert 21220001211 (base 3) to base 9.
256054
What is 204422010 (base 5) in base 14?
184843
What is -11010000101010111111 (base 2) in base 3?
-1121102110021
Convert 4246a0 (base 15) to base 16.
301f56
Convert 10101202210210 (base 3) to base 10.
1806321
What is 201202013221 (base 4) in base 6?
512224441
12300223332 (base 4) to base 6
101553010
327ff (base 16) to base 2
110010011111111111
-1a2182 (base 13) to base 4
-2201201010
Convert 44735 (base 14) to base 8.
504253
What is 110002210121 (base 3) in base 8?
721235
-20484 (base 11) to base 6
-350122
-102515441 (base 6) to base 3
-10102011211021
-798e69 (base 16) to base 9
-15881648
What is -399e16 (base 16) in base 13?
-a22943
What is 40cd99 (base 14) in base 13?
5b7538
What is 235002114 (base 6) in base 13?
bc2876
Convert -1021775 (base 9) to base 16.
-85487
5045246 (base 8) to base 2
101000100101010100110
-230531 (base 12) to base 10
-560629
-1010000100110101000 (base 2) to base 15
-67c52
What is 1011011111011111001101 (base 2) in base 14?
585c29
What is 1404124200 (base 5) in base 16?
36ac4a
What is -35c87c (base 13) in base 8?
-4714627
Convert 11121040 (base 5) to base 3.
11222210122
Convert 220033113 (base 4) to base 5.
20233243
What is -101223134 (base 5) in base 6?
-12513241
1876137 (base 10) to base 4
13022002221
What is 10c4b4 (base 14) in base 10?
571694
What is -3b8e44 (base 15) in base 6?
-141224514
-1303213203 (base 4) to base 8
-1634743
What is 14223444 (base 5) in base 13?
52858
21103 (base 10) to base 2
101001001101111
Convert -102535404 (base 6) to base 13.
-4b8005
40a9ac (base 15) to base 7
35060313
Convert -42867 (base 14) to base 15.
-329ab
Convert -3745123 (base 8) to base 4.
-3330221103
What is -82b083 (base 12) in base 5?
-1011114420
What is -54447 (base 11) in base 12?
-39908
What is 4012011 (base 5) in base 10?
63381
-5451442 (base 6) to base 11
-175881
Convert 2090758 (base 11) to base 5.
1420111201
What is 12414364 (base 8) in base 9?
5164444
What is 96522 (base 10) in base 9?
156356
Convert 275b9 (base 13) to base 12.
3664a
What is -339680 (base 13) in base 6?
-42054125
Convert 461112 (base 8) to base 15.
31459
Convert 11201503 (base 6) to base 5.
41430133
Convert 55384 (base 11) to base 6.
1415455
What is 1011101101010000111 (base 2) in base 11?
242249
301301413 (base 6) to base 4
103133113101
Convert 104657 (base 10) to base 4.
121203101
-22034433 (base 6) to base 15
-ceed6
Convert -2009515 (base 11) to base 2.
-1101100100000110001010
What is 146437 (base 8) in base 2?
1100110100011111
22b6 (base 15) to base 2
1110011001011
What is 6ca533 (base 15) in base 8?
23651521
-1001001101001100110101 (base 2) to base 14
-46b713
12011111010201 (base 3) to base 10
2745514
43323232 (base 5) to base 15
74b62
-22021111122 (base 4) to base 11
-1557286
Convert 366707 (base 11) to base 16.
8d8ff
Convert -6130127 (base 9) to base 5.
-1314024414
Convert -12433443 (base 5) to base 7.
-1025145
Convert -12020200101 (base 3) to base 4.
-121031311
110200021002112 (base 3) to base 9
1360